s the units digit of 4/(-30) + 3899/105?
7
Let a = 55 + -36. What is the units digit of a?
9
What is the tens digit of (27/36)/((-3)/(-84))?
2
Suppose -5*u + u = 0. Suppose 0 = m - u - 9. What is the units digit of m?
9
Suppose -i + 39 = -4. Let r = i - 23. What is the tens digit of r?
2
Let x = -125 + 206. What is the units digit of x?
1
Suppose -3 = -2*n + n. What is the units digit of n?
3
Suppose 0 = 2*l - 7*g + 3*g + 56, 0 = -g + 5. What is the units digit of l*(-2 - (-9)/6)?
9
What is the tens digit of (0 + -28)*35/(-10)?
9
Suppose b + 1 = 24. What is the units digit of b?
3
Suppose -4*p = -4*b + 12, b = p - 2*b + 5. Let s be -10 + 2*(-2)/p. Let g = -4 - s. What is the units digit of g?
4
Suppose -i - i = 0. Suppose i*j = -2*j + 58. What is the tens digit of j?
2
Let q(b) = -b**3 + 6*b**2 + 3*b + 2. Let x(z) = -6*z**3 + 31*z**2 + 16*z + 9. Let y(l) = 11*q(l) - 2*x(l). What is the tens digit of y(-3)?
1
Suppose -3*n + 6*n = 6. Suppose 2*q - 6 = q. What is the units digit of (n + 2)/2 + q?
8
Suppose -d + 83 = -33. What is the units digit of d?
6
Suppose -2*y = -0*y - 4. Suppose -y*x + 12 + 10 = 0. What is the units digit of x?
1
Let x(t) = -6*t + 13. Let r be x(13). What is the tens digit of r/(-4) + (-2)/8?
1
Let y be (14/8)/((-4)/(-16)). Let z = -11 + y. What is the units digit of (6/z)/((-6)/16)?
4
Let f = -42 + 59. What is the tens digit of f?
1
Let c(p) = p**3 - 4*p**2 + 4*p - 3. Let l be c(3). Suppose 4*n + 4*y + 8 - 68 = l, 3*y = n - 35. What is the units digit of n?
0
Let h(t) = -t**2 + 2*t + 11. Let o be h(0). Suppose 3*p = r - o, 0*r + 2*r - 3*p = 37. What is the tens digit of r?
2
Let r be (-12)/8 - (-105)/(-2). Let n = -35 - r. What is the tens digit of n?
1
Suppose 2*w = 3*w + 10. Let j = w + 7. What is the units digit of j/6*-6 - -1?
4
Suppose -5*f + 83 = -252. What is the units digit of f?
7
Suppose 0 = -4*g - 3*f + 318 + 157, 2*f = -3*g + 357. What is the units digit of g?
1
Let q(s) = -s - 6. Let a be q(-13). Let b be (-1 + 6)*(0 - -1). Let g = a - b. What is the units digit of g?
2
Let o be -2*(0 + (-3)/2). Suppose 0 = 2*l - 6. Suppose l = o*q - 15. What is the units digit of q?
6
Suppose -27 = 6*n - 7*n. Suppose 4*u = n - 3. What is the units digit of u?
6
Let z = 85 + 49. What is the hundreds digit of z?
1
Suppose 0 = 3*b - 4*q + 9, b + 3*b = 2*q - 2. What is the tens digit of (26/2)/(0 + b)?
1
Let a(c) = 3*c**3 + c - 1. Let l be a(1). Suppose -5*z + l = -2*z. What is the units digit of z + -2 + 7 + 1?
7
Let k be 30/(-9)*(-12)/4. What is the units digit of (6/(-3))/1 + k?
8
Let c = 11 - 12. What is the units digit of 2/(-1 + c) + 27?
6
What is the tens digit of 2 + 5/((-10)/(-76))?
4
Suppose l - 4 + 1 = -3*j, 0 = -4*l + 3*j - 18. Let o = l + 3. Suppose 9 = -o*b + 3*b. What is the units digit of b?
3
Suppose 50 = d - 5. What is the units digit of d?
5
Suppose 100 = 6*m - m. What is the units digit of m?
0
Suppose 90 = 4*n + n. What is the units digit of n?
8
What is the tens digit of (-24 - -33)*(0 - 104/(-6))?
5
Suppose 2*j + 0 = -16. Let h = j + 18. What is the units digit of h?
0
Suppose 3*q + d - 11 = 0, q - 5*q - d = -15. Suppose -3*c + 5 = -q. What is the units digit of c?
3
Suppose 5*d - 1 = -2*u + 272, -u - 56 = -d. What is the units digit of d?
5
Let x be (-6487)/(-52) + 2/8. Suppose 3*w = -0*z + 4*z - x, 0 = -z + 4*w + 15. What is the units digit of z?
5
Let j(o) = 3*o**3 - 2*o**3 + 10*o**2 + 7*o**2 + 2 - o - 5*o**2. Suppose 18 + 6 = -2*l. What is the units digit of j(l)?
4
Suppose -2*t + 4*t = 70. What is the units digit of t?
5
Let h = 10 + -8. Suppose h*x + 24 = 6*x - 4*f, 2*x - 3*f = 11. What is the units digit of x?
7
Suppose -5*o - 5*r = 0, 5*r - 26 + 71 = 4*o. What is the units digit of o?
5
Let u be (-3)/(-2)*32/24. Let r be (u + 1 + -2)*3. Suppose 0 = -z + 2*a - r*a + 5, 5*z + a = 17. What is the units digit of z?
3
Let p be (154/(-6))/(15/(-45)). Suppose 0 = 3*i - p + 11. What is the tens digit of i?
2
Let v be 3 - (2 + -2 + 0). Suppose 0 = 5*d - v*d + 4*j - 50, 77 = 5*d - 2*j. What is the tens digit of d?
1
Let q(r) = r**2 - 6*r + 7. Let f be q(5). Suppose u = -2*v - 3*u - 22, -3*v - 25 = -f*u. What is the units digit of (v/6)/(12/(-16))?
2
Let h(z) = -z**3 + 6*z**2 + 11*z - 7. Let r be h(7). Let k = r + -7. What is the tens digit of k?
1
Suppose 26 = -2*k + 3*k. Suppose 2*l - 92 = -k. Suppose 3*v - l - 15 = 0. What is the units digit of v?
6
Suppose 0 = 4*b + 2 - 22. Suppose -20 = r - b*r. Suppose 3*f - r*f + 8 = g, -f + 4 = g. What is the units digit of f?
4
Let t = 5 + -3. Suppose -t = b - 2*b. Suppose -d + 4*q + 3 = -2*d, -3*d = q - b. What is the units digit of d?
1
Let z = 34 + -24. Let u(x) be the second derivative of x**4/12 - 4*x**3/3 - 5*x**2 - 4*x. What is the tens digit of u(z)?
1
Suppose -5*d = 3*m + 11, 4*m - 2*m + 2*d = -2. Suppose m*b + 0*b - 21 = 0. What is the units digit of b?
7
Let a(y) = -9*y + 26. Let r(b) = 1. Let t(o) = a(o) - 5*r(o). Let h(z) = 2*z - 5. Let k(v) = -26*h(v) - 6*t(v). What is the units digit of k(3)?
0
Suppose -2*t + 7*t = 150. Suppose 0*j - t = -3*j. What is the tens digit of j?
1
Suppose -3*c + 1 + 14 = 0. Suppose v + 5 = 5*y, 2*v + 3*y - 23 = 2*y. Suppose 5*i - 4 = c*o + 1, 0 = -5*i + v. What is the units digit of o?
1
Suppose -4*n + 4*a - 9*a + 11 = 0, a = -1. Let x = -107 - -152. Suppose n*j - x = -9. What is the units digit of j?
9
Let n = -8 + 16. Let d be 158/(-13) - 2/(-13). What is the tens digit of (-129)/d + 2/n?
1
Let p be ((-4)/(-6))/((-2)/(-21)). Suppose 0 = -p*z + 4*z + 3. What is the units digit of z?
1
Let p(t) be the first derivative of 8*t - 1 + 1/2*t**2. What is the units digit of p(-7)?
1
Let h be 12 - 0/(0 + -1). Suppose 9 = 4*u + 2*t - 1, 4*u = -4*t + h. What is the units digit of u?
2
Suppose -2*u - 2*h = -88, -2*h + 6 = -4*h. Suppose 13 = 4*p - u. What is the tens digit of p?
1
Let d(y) = y**3 + 12*y**2 - 8*y - 15. What is the hundreds digit of d(-7)?
2
Suppose 3*c = -c. Let z be (-8)/(-2) - c/4. Suppose -3*y - 21 = -3*j, -j - z*j = 3*y - 19. What is the units digit of j?
5
Suppose 6*y = 2*y + 1600. What is the tens digit of y?
0
What is the tens digit of (16/(-6) + 2)/(10/(-1695))?
1
Suppose -c - 2 = -2*k, 3*c + k - 14 = -6. Suppose c*y + 5*i - 3 = 0, i = 5*y - 0*i - 48. What is the units digit of y?
9
Suppose -12 + 0 = -3*f + 3*h, -f = -4*h - 7. Suppose -4 = -f*l + 14. What is the units digit of l?
6
What is the tens digit of 17 + (3 - 6)/(-3)?
1
Let r(w) = 2*w - 8. Let a be r(6). Suppose -a*i + i + 27 = 4*q, q - 3*i = -12. Suppose -2*y + y + 5*l = -20, -3*y - 4*l = -q. What is the units digit of y?
5
Suppose 0 = -2*a - a + 6. Suppose 0*o = o - a*k - 16, -5*k = -3*o + 48. What is the tens digit of o?
1
Let i be 6/(3 - (-4)/(-1)). Let r = -3 - i. Suppose -33 + 3 = -r*d. What is the tens digit of d?
1
Let h = 62 - -42. What is the hundreds digit of h?
1
Let w = 4 - 4. Suppose w = -5*d + 12 + 8. Suppose 0 = -d*s - p + 40, 5*p + 0 - 2 = -2*s. What is the tens digit of s?
1
Let x = 19 + -15. Suppose 4 = x*k + 12, -5*g + 4*k + 43 = 0. What is the units digit of g?
7
Let n be (-51)/(-9) + 4/(-6). Suppose 5*w = w - n*o + 74, 2*o + 60 = 4*w. What is the units digit of w?
6
Let a(m) = 2*m + 11. What is the units digit of a(0)?
1
What is the units digit of 9810/70 + 2/(-14)?
0
What is the hundreds digit of (572/(-16) + 1)/((-1)/8)?
2
Suppose -5*x = -53 + 8. Suppose 7 = 4*b - x. What is the units digit of b?
4
Let u(m) = -m**2 + 5*m + 2. Suppose -4*v = -4*f - 8, 3*f - 10 - 24 = -5*v. What is the units digit of u(f)?
8
Suppose 3*s + 84 - 237 = p, -3*s = p - 159. What is the units digit of s?
2
Let m = -7 + 5. Let k(t) = 7*t**2 + 3*t + 3. Let j be k(m). Suppose 5*g + 3*c - j = 0, -3*g - 5 = -4*g + 3*c. What is the units digit of g?
5
Let d(u) = -u**3 + 2*u**2 + 3*u - 1. Let k be d(3). Let z be 1*k + -6 + 3. What is the units digit of 6/9 - z/3?
2
Suppose 24 = -r + 4*r. Let o be (-84)/r*2/3. Let g = 21 + o. What is the units digit of g?
4
Let p(u) = 2*u**2 - 2*u + 1. Let t be p(1). Suppose -4*s - 9 = -t. What is the units digit of (-26)/(-3) + s/3?
8
Suppose -f + 231 = -131. What is the units digit of f?
2
Let g = 26 - 23. Suppose 0 = q - a - 23, -q + 2*a - 50 = -g*q. What is the tens digit of q?
2
Suppose -y - 3*s = -0*s + 12, -35 = -5*y + 4*